{"id":8105,"date":"2023-11-28T21:47:52","date_gmt":"2023-11-28T21:47:52","guid":{"rendered":"https:\/\/symposiummboa.live-website.com\/?page_id=8105"},"modified":"2026-01-12T04:28:08","modified_gmt":"2026-01-12T04:28:08","slug":"live-on-stage","status":"publish","type":"page","link":"https:\/\/symposium-mboa.com\/?page_id=8105","title":{"rendered":"Live on Stage"},"content":{"rendered":"<section class=\"wpb-content-wrapper\"><p>[vc_row row_content_width=\u00a0\u00bbgrid\u00a0\u00bb css=\u00a0\u00bb.vc_custom_1701220997210{padding-bottom: 88px !important;}\u00a0\u00bb][vc_column]<div class=\"mkdf-elements-holder   mkdf-two-columns  mkdf-responsive-mode-768 \" ><div class=\"mkdf-eh-item    \"  data-item-class=\"mkdf-eh-custom-2372\">\n\t<div class=\"mkdf-eh-item-inner\">\n\t\t<div class=\"mkdf-eh-item-content mkdf-eh-custom-2372\" >\n\t\t\t[vc_column_text]<\/p>\r\n<h2 data-start=\"2527\" data-end=\"2553\">\ud83c\udfa4 MBOA \u2013 LIVE ON STAGE<\/h2>\r\n<p data-start=\"2555\" data-end=\"2883\">Pens\u00e9 pour \u00eatre <strong data-start=\"2571\" data-end=\"2608\">impactant, inclusif et f\u00e9d\u00e9rateur<\/strong>, le <strong data-start=\"2613\" data-end=\"2637\">Mboa \u2013 Live on Stage<\/strong> est la sc\u00e8ne culturelle du Festival Symposium-Mboa.<br data-start=\"2689\" data-end=\"2692\" \/>Il offre aux <strong data-start=\"2705\" data-end=\"2770\">artistes, griots, po\u00e8tes, DJs, orchestres et groupes de danse<\/strong> un cadre d\u2019expression unique pour valoriser leur art, rencontrer un public pluriel et renforcer leur visibilit\u00e9.<\/p>\r\n<p data-start=\"2885\" data-end=\"3174\">Pour nos visiteurs, le Live on Stage est une <strong data-start=\"2930\" data-end=\"2963\">invitation au voyage culturel<\/strong>, \u00e0 la d\u00e9couverte des rythmes, des voix et des expressions artistiques africaines et afro-descendantes.<br data-start=\"3066\" data-end=\"3069\" \/>C\u2019est un espace de rencontres, d\u2019\u00e9motions et de partage.<br data-start=\"3125\" data-end=\"3128\" \/><strong data-start=\"3128\" data-end=\"3174\">C\u2019est cela, l\u2019esprit Mboa \u2013 Live on Stage.<\/strong><\/p>\r\n<p data-start=\"3176\" data-end=\"3331\">\ud83d\udccd Le Mboa \u2013 Live on Stage se d\u00e9roule au sein du <strong data-start=\"3225\" data-end=\"3263\">complexe sportif du Symposium-Mboa<\/strong>, sp\u00e9cialement am\u00e9nag\u00e9 pour accueillir les performances artistiques.<\/p>\r\n<p>[\/vc_column_text][vc_empty_space height=\u00a0\u00bb10px\u00a0\u00bb]\t\t<\/div>\n\t<\/div>\n<\/div><div class=\"mkdf-eh-item   mkdf-horizontal-alignment-right \"  data-item-class=\"mkdf-eh-custom-2699\">\n\t<div class=\"mkdf-eh-item-inner\">\n\t\t<div class=\"mkdf-eh-item-content mkdf-eh-custom-2699\" style=\"padding: 0px 0px 0px 30px\">\n\t\t\t<div class=\"mkdf-section-title-holder  \" style=\"text-align: center\">\n\t<div class=\"mkdf-st-inner\">\n\t\t\t\t\t\t\t<h3 class=\"mkdf-st-title\" style=\"color: #930027\">\n\t\t\t\tCountdown\t\t\t\t<span class=\"mkdf-st-title-mark\" style=\"color: #930027\">.<\/span>\n\t\t\t<\/h3>\n\t\t\t\t\t\t\t<div class=\"mkdf-st-separator\" style=\"background-color: #000684;margin-top: 2px\"><\/div>\n\t\t\t\t\t\t\t<\/div>\n<\/div><div class=\"mkdf-countdown mkdf-cd-no-week-month mkdf-cd-no-month  mkdf-dark-skin\" id=\"countdown6466\" data-year=\"2026\" data-month=\"5\" data-day=\"22\" data-hour=\"7\" data-minute=\"0\" data-timezone=\"2\" data-month-label=\"Months\" data-day-label=\"Days\" data-hour-label=\"Hours\" data-minute-label=\"Minutes\" data-second-label=\"Seconds\" data-digit-size=\"26\" data-label-size=\"12\"><\/div>[vc_empty_space height=\u00a0\u00bb50px\u00a0\u00bb][vc_media_grid style=\u00a0\u00bbpagination\u00a0\u00bb items_per_page=\u00a0\u00bb3&Prime; gap=\u00a0\u00bb2&Prime; initial_loading_animation=\u00a0\u00bbrollIn\u00a0\u00bb grid_id=\u00a0\u00bbvc_gid:1768036839087-3f1eca96-a96a-8&Prime; include=\u00a0\u00bb11123,10420,10419,8744,8727,8722&Prime;]\t\t<\/div>\n\t<\/div>\n<\/div><\/div>[\/vc_column][\/vc_row][vc_row][vc_column][vc_column_text]<\/p><div class=\"wp-block-columns is-layout-flex wp-container-core-columns-is-layout-9d6595d7 wp-block-columns-is-layout-flex\"><div class=\"wp-block-column is-layout-flow wp-block-column-is-layout-flow\"><h3 class=\"wp-block-heading has-text-align-left\">\ud83c\udfb5 Musique live<\/h3>\r\n\r\n<p class=\"has-text-align-center\">Des performances live port\u00e9es par des artistes, groupes et orchestres issus de divers horizons africains. Des sonorit\u00e9s authentiques et contemporaines qui cr\u00e9ent une exp\u00e9rience immersive et f\u00e9d\u00e9ratrice.<\/p>\r\n<p><\/p>\r\n<\/div>\r\n\r\n<div class=\"wp-block-column is-layout-flow wp-block-column-is-layout-flow\"><h3 class=\"wp-block-heading\">\ud83c\udfa7 DJ Sets<\/h3>\r\n\r\n<p class=\"has-text-align-center\">Des DJs s\u00e9lectionn\u00e9s pour leur ma\u00eetrise des ambiances afro-urbaines, afrobeat, amapiano, hip-hop et musiques du monde. Une programmation pens\u00e9e pour faire vibrer toutes les g\u00e9n\u00e9rations.<\/p>\r\n<p><\/p>\r\n<\/div>\r\n\r\n<div class=\"wp-block-column is-layout-flow wp-block-column-is-layout-flow\"><h3 class=\"wp-block-heading\">\ud83d\udc83 Danse &amp; arts oratoires<\/h3>\r\n\r\n<p class=\"has-text-align-center\">Groupes de danse, performances chor\u00e9graphiques, po\u00e9sie, slam et expressions orales se succ\u00e8dent pour mettre en lumi\u00e8re la richesse cr\u00e9ative et narrative des cultures africaines.<\/p>\r\n<p><\/p>\r\n<\/div>\r\n<p><\/p>\r\n<\/div><p>&nbsp;<\/p><div class=\"wp-block-cover is-light\"><video class=\"wp-block-cover__video-background intrinsic-ignore\" src=\"https:\/\/symposium-mboa.com\/wp-content\/uploads\/2025\/02\/WhatsApp-Video-2025-01-10-at-4.22.21-PM.mp4\" autoplay=\"autoplay\" loop=\"loop\" muted=\"\" width=\"300\" height=\"150\" data-object-fit=\"cover\"><\/video>\r\n<div class=\"wp-block-cover__inner-container is-layout-constrained wp-block-cover-is-layout-constrained\"><h2 class=\"wp-block-heading\">Appel \u00e0 artistes \u2013 Live on Stage<\/h2>\r\n\r\n<strong><mark class=\"has-inline-color\" style=\"background-color: #ededed;\">Vous \u00eates artiste, musicien, DJ, danseur, po\u00e8te ou membre d\u2019un groupe artistique ?<\/mark><br \/><\/strong><mark class=\"has-inline-color\" style=\"background-color: #ededed;\"><strong>Le Symposium-Mboa vous offre une sc\u00e8ne pour partager votre talent, \u00e9largir votre audience et vous produire devant un public international et multiculturel<\/strong>.<\/mark>\r\n\r\n<mark class=\"has-inline-color\" style=\"background-color: #ededed;\"><strong>Rejoignez une programmation qui c\u00e9l\u00e8bre la cr\u00e9ativit\u00e9, la diversit\u00e9 et l\u2019excellence artistique africaine<\/strong>.<\/mark>\r\n<p><\/p>\r\n<\/div>\r\n<\/div><div class=\"wp-block-spacer\" style=\"height: 10px;\" aria-hidden=\"true\">\u00a0<\/div>\r\n<p><\/p>\r\n<p>[\/vc_column_text][\/vc_column][\/vc_row]<\/p>\r\n<p><\/p>\r\n<p>&nbsp;<\/p>\r\n<p><\/p><\/section>","protected":false},"excerpt":{"rendered":"<p>[vc_row row_content_width=\u00a0\u00bbgrid\u00a0\u00bb css=\u00a0\u00bb.vc_custom_1701220997210{padding-bottom: 88px !important;}\u00a0\u00bb][vc_column][\/vc_column][\/vc_row][vc_row][vc_column][vc_column_text] \ud83c\udfb5 Musique live Des performances live port\u00e9es par des artistes, groupes et orchestres issus de [&hellip;]<\/p>\n","protected":false},"author":1,"featured_media":0,"parent":11176,"menu_order":0,"comment_status":"closed","ping_status":"closed","template":"full-width.php","meta":{"footnotes":""},"categories":[],"tags":[202],"class_list":["post-8105","page","type-page","status-publish","hentry","tag-live"],"rttpg_featured_image_url":null,"rttpg_author":{"display_name":"Sadat","author_link":"https:\/\/symposium-mboa.com\/?author=1"},"rttpg_comment":0,"rttpg_category":false,"rttpg_excerpt":"[vc_row row_content_width=\u00a0\u00bbgrid\u00a0\u00bb css=\u00a0\u00bb.vc_custom_1701220997210{padding-bottom: 88px !important;}\u00a0\u00bb][vc_column][\/vc_column][\/vc_row][vc_row][vc_column][vc_column_text] \ud83c\udfb5 Musique live Des performances live port\u00e9es par des artistes, groupes et orchestres issus de [&hellip;]","_links":{"self":[{"href":"https:\/\/symposium-mboa.com\/index.php?rest_route=\/wp\/v2\/pages\/8105","targetHints":{"allow":["GET"]}}],"collection":[{"href":"https:\/\/symposium-mboa.com\/index.php?rest_route=\/wp\/v2\/pages"}],"about":[{"href":"https:\/\/symposium-mboa.com\/index.php?rest_route=\/wp\/v2\/types\/page"}],"author":[{"embeddable":true,"href":"https:\/\/symposium-mboa.com\/index.php?rest_route=\/wp\/v2\/users\/1"}],"replies":[{"embeddable":true,"href":"https:\/\/symposium-mboa.com\/index.php?rest_route=%2Fwp%2Fv2%2Fcomments&post=8105"}],"version-history":[{"count":58,"href":"https:\/\/symposium-mboa.com\/index.php?rest_route=\/wp\/v2\/pages\/8105\/revisions"}],"predecessor-version":[{"id":12159,"href":"https:\/\/symposium-mboa.com\/index.php?rest_route=\/wp\/v2\/pages\/8105\/revisions\/12159"}],"up":[{"embeddable":true,"href":"https:\/\/symposium-mboa.com\/index.php?rest_route=\/wp\/v2\/pages\/11176"}],"wp:attachment":[{"href":"https:\/\/symposium-mboa.com\/index.php?rest_route=%2Fwp%2Fv2%2Fmedia&parent=8105"}],"wp:term":[{"taxonomy":"category","embeddable":true,"href":"https:\/\/symposium-mboa.com\/index.php?rest_route=%2Fwp%2Fv2%2Fcategories&post=8105"},{"taxonomy":"post_tag","embeddable":true,"href":"https:\/\/symposium-mboa.com\/index.php?rest_route=%2Fwp%2Fv2%2Ftags&post=8105"}],"curies":[{"name":"wp","href":"https:\/\/api.w.org\/{rel}","templated":true}]}}