{"id":11180,"date":"2025-12-17T14:05:32","date_gmt":"2025-12-17T14:05:32","guid":{"rendered":"https:\/\/symposium-mboa.com\/?page_id=11180"},"modified":"2026-01-08T00:09:26","modified_gmt":"2026-01-08T00:09:26","slug":"sport-2","status":"publish","type":"page","link":"https:\/\/symposium-mboa.com\/?page_id=11180","title":{"rendered":"Sport"},"content":{"rendered":"<section class=\"wpb-content-wrapper\"><p>[vc_row][vc_column width=\u00a0\u00bb1\/2&Prime;][vc_empty_space height=\u00a0\u00bb20px\u00a0\u00bb][vc_column_text]<\/p>\n<p data-start=\"344\" data-end=\"506\">Au <strong data-start=\"347\" data-end=\"365\">Symposium-Mboa<\/strong>, le sport est bien plus qu\u2019une comp\u00e9tition :<br data-start=\"410\" data-end=\"413\" \/>c\u2019est un <strong data-start=\"422\" data-end=\"451\">outil de coh\u00e9sion sociale<\/strong>, de d\u00e9passement de soi et de valorisation des talents.<\/p>\n<p data-start=\"508\" data-end=\"699\">Chaque ann\u00e9e, le festival met \u00e0 l\u2019honneur plusieurs disciplines sportives majeures, ouvertes aux amateurs comme aux passionn\u00e9s, dans un esprit de <strong data-start=\"654\" data-end=\"698\">fair-play, de diversit\u00e9 et de fraternit\u00e9<\/strong>.<\/p>\n<h3 data-start=\"701\" data-end=\"740\">Les disciplines sportives propos\u00e9es<\/h3>\n<p data-start=\"742\" data-end=\"977\"><strong data-start=\"742\" data-end=\"756\">\u26bd Football<\/strong><br data-start=\"756\" data-end=\"759\" \/>Discipline phare du Symposium-Mboa, le football rassemble des \u00e9quipes venues d\u2019horizons multiples. Il incarne l\u2019esprit collectif, la strat\u00e9gie et la passion populaire qui font vibrer le public tout au long du festival.<\/p>\n<p data-start=\"979\" data-end=\"1186\"><strong data-start=\"979\" data-end=\"996\">\ud83c\udfc0 Basketball<\/strong><br data-start=\"996\" data-end=\"999\" \/>Sport de dynamisme et de pr\u00e9cision, le basketball apporte intensit\u00e9, vitesse et spectacle. Il favorise l\u2019inclusion, la mixit\u00e9 et l\u2019expression du talent individuel au service du collectif.<\/p>\n<p data-start=\"1188\" data-end=\"1427\"><strong data-start=\"1188\" data-end=\"1205\">\ud83c\udfc3 Athl\u00e9tisme<\/strong><br data-start=\"1205\" data-end=\"1208\" \/>Expression pure de la performance sportive, l\u2019athl\u00e9tisme met en lumi\u00e8re l\u2019endurance, la vitesse et la discipline personnelle. Une vitrine id\u00e9ale pour les athl\u00e8tes souhaitant se mesurer dans un cadre structur\u00e9 et festif.<\/p>\n<p data-start=\"1429\" data-end=\"1652\"><strong data-start=\"1429\" data-end=\"1443\">\ud83e\udd3e Netball<\/strong><br data-start=\"1443\" data-end=\"1446\" \/>Sport collectif en plein essor, le netball valorise la coordination, l\u2019agilit\u00e9 et l\u2019esprit d\u2019\u00e9quipe. Il s\u2019inscrit pleinement dans la vision inclusive du Symposium-Mboa, notamment en faveur du sport f\u00e9minin.<\/p>\n<p data-start=\"1654\" data-end=\"1832\">\ud83d\udc49 <strong data-start=\"1657\" data-end=\"1715\">Que vous soyez joueur, athl\u00e8te ou responsable d\u2019\u00e9quipe<\/strong>, le Symposium-Mboa vous offre un cadre professionnel, s\u00e9curis\u00e9 et valorisant pour vivre pleinement votre discipline.<\/p>\n<p>[\/vc_column_text][\/vc_column][vc_column width=\u00a0\u00bb1\/2&Prime; css=\u00a0\u00bb.vc_custom_1767830910612{border-top-width: 5px !important;border-right-width: 5px !important;border-bottom-width: 5px !important;border-left-width: 5px !important;padding-top: 10px !important;padding-right: 10px !important;padding-bottom: 10px !important;padding-left: 10px !important;border-left-color: #091075 !important;border-left-style: solid !important;border-right-color: #091075 !important;border-right-style: solid !important;border-top-color: #091075 !important;border-top-style: solid !important;border-bottom-color: #091075 !important;border-bottom-style: solid !important;border-radius: 10px !important;}\u00a0\u00bb][vc_empty_space height=\u00a0\u00bb20px\u00a0\u00bb]<div class=\"mkdf-section-title-holder  \" >\n\t<div class=\"mkdf-st-inner\">\n\t\t\t\t\t\t\t<h4 class=\"mkdf-st-title\" style=\"color: #091075\">\n\t\t\t\tFormulaire d'inscription\t\t\t\t<span class=\"mkdf-st-title-mark\" ><\/span>\n\t\t\t<\/h4>\n\t\t\t\t\t\t\t\t\t<\/div>\n<\/div>[vc_empty_space height=\u00a0\u00bb10px\u00a0\u00bb]\n<div class=\"wpcf7 no-js\" id=\"wpcf7-f8478-o1\" lang=\"fr-FR\" dir=\"ltr\" data-wpcf7-id=\"8478\">\n<div class=\"screen-reader-response\"><p role=\"status\" aria-live=\"polite\" aria-atomic=\"true\"><\/p> <ul><\/ul><\/div>\n<form action=\"\/index.php?rest_route=%2Fwp%2Fv2%2Fpages%2F11180#wpcf7-f8478-o1\" method=\"post\" class=\"wpcf7-form init cf7_custom_style_3\" aria-label=\"Formulaire de contact\" novalidate=\"novalidate\" data-status=\"init\">\n<fieldset class=\"hidden-fields-container\"><input type=\"hidden\" name=\"_wpcf7\" value=\"8478\" \/><input type=\"hidden\" name=\"_wpcf7_version\" value=\"6.1.5\" \/><input type=\"hidden\" name=\"_wpcf7_locale\" value=\"fr_FR\" \/><input type=\"hidden\" name=\"_wpcf7_unit_tag\" value=\"wpcf7-f8478-o1\" \/><input type=\"hidden\" name=\"_wpcf7_container_post\" value=\"0\" \/><input type=\"hidden\" name=\"_wpcf7_posted_data_hash\" value=\"\" \/>\n<\/fieldset>\n<div class=\"mkdf-grid-row mkdf-grid-small-gutter clearfix\">\n\t<div class=\"mkd-grid-col-6\">\n\t\t<p><label>Nom de l\u2019\u00e9quipe \/ Athl\u00e8te *<\/label><br \/>\n<span class=\"wpcf7-form-control-wrap\" data-name=\"team-name\"><input size=\"40\" maxlength=\"400\" class=\"wpcf7-form-control wpcf7-text wpcf7-validates-as-required\" aria-required=\"true\" aria-invalid=\"false\" value=\"\" type=\"text\" name=\"team-name\" \/><\/span>\n\t\t<\/p>\n\t<\/div>\n\t<div class=\"mkd-grid-col-6\">\n\t\t<p><label>Nom du responsable \/ Athl\u00e8te *<\/label><br \/>\n<span class=\"wpcf7-form-control-wrap\" data-name=\"contact-name\"><input size=\"40\" maxlength=\"400\" class=\"wpcf7-form-control wpcf7-text wpcf7-validates-as-required\" aria-required=\"true\" aria-invalid=\"false\" value=\"\" type=\"text\" name=\"contact-name\" \/><\/span>\n\t\t<\/p>\n\t<\/div>\n\t<div class=\"mkd-grid-col-6\">\n\t\t<p><label>Email *<\/label><br \/>\n<span class=\"wpcf7-form-control-wrap\" data-name=\"contact-email\"><input size=\"40\" maxlength=\"400\" class=\"wpcf7-form-control wpcf7-email wpcf7-validates-as-required wpcf7-text wpcf7-validates-as-email\" aria-required=\"true\" aria-invalid=\"false\" value=\"\" type=\"email\" name=\"contact-email\" \/><\/span>\n\t\t<\/p>\n\t<\/div>\n\t<div class=\"mkd-grid-col-6\">\n\t\t<p><label>T\u00e9l\u00e9phone *<\/label><br \/>\n<span class=\"wpcf7-form-control-wrap\" data-name=\"contact-phone\"><input size=\"40\" maxlength=\"400\" class=\"wpcf7-form-control wpcf7-tel wpcf7-validates-as-required wpcf7-text wpcf7-validates-as-tel\" aria-required=\"true\" aria-invalid=\"false\" value=\"\" type=\"tel\" name=\"contact-phone\" \/><\/span>\n\t\t<\/p>\n\t<\/div>\n\t<div class=\"mkd-grid-col-12\">\n\t\t<p><label>Discipline(s) sportive(s) *<\/label><br \/>\n<span class=\"wpcf7-form-control-wrap\" data-name=\"sport-discipline\"><span class=\"wpcf7-form-control wpcf7-checkbox wpcf7-validates-as-required\"><span class=\"wpcf7-list-item first\"><label><input type=\"checkbox\" name=\"sport-discipline[]\" value=\"Football\" \/><span class=\"wpcf7-list-item-label\">Football<\/span><\/label><\/span><span class=\"wpcf7-list-item\"><label><input type=\"checkbox\" name=\"sport-discipline[]\" value=\"Basketball\" \/><span class=\"wpcf7-list-item-label\">Basketball<\/span><\/label><\/span><span class=\"wpcf7-list-item\"><label><input type=\"checkbox\" name=\"sport-discipline[]\" value=\"Athl\u00e9tisme\" \/><span class=\"wpcf7-list-item-label\">Athl\u00e9tisme<\/span><\/label><\/span><span class=\"wpcf7-list-item last\"><label><input type=\"checkbox\" name=\"sport-discipline[]\" value=\"Netball\" \/><span class=\"wpcf7-list-item-label\">Netball<\/span><\/label><\/span><\/span><\/span>\n\t\t<\/p>\n\t<\/div>\n\t<div class=\"mkd-grid-col-6\">\n\t\t<p><label>Cat\u00e9gorie *<\/label><br \/>\n<span class=\"wpcf7-form-control-wrap\" data-name=\"sport-category\"><select class=\"wpcf7-form-control wpcf7-select wpcf7-validates-as-required\" aria-required=\"true\" aria-invalid=\"false\" name=\"sport-category\"><option value=\"\u00c9quipe\">\u00c9quipe<\/option><option value=\"Athl\u00e8te individuel\">Athl\u00e8te individuel<\/option><\/select><\/span>\n\t\t<\/p>\n\t<\/div>\n\t<div class=\"mkd-grid-col-6\">\n\t\t<p><label>Ville \/ Pays *<\/label><br \/>\n<span class=\"wpcf7-form-control-wrap\" data-name=\"location\"><input size=\"40\" maxlength=\"400\" class=\"wpcf7-form-control wpcf7-text wpcf7-validates-as-required\" aria-required=\"true\" aria-invalid=\"false\" value=\"\" type=\"text\" name=\"location\" \/><\/span>\n\t\t<\/p>\n\t<\/div>\n<\/div>\n<p><label>Message \/ Informations compl\u00e9mentaires<\/label><br \/>\n<span class=\"wpcf7-form-control-wrap\" data-name=\"sport-message\"><textarea cols=\"40\" rows=\"6\" maxlength=\"2000\" class=\"wpcf7-form-control wpcf7-textarea\" aria-invalid=\"false\" placeholder=\"Pr\u00e9cisions, effectif, besoins sp\u00e9cifiques\u2026\" name=\"sport-message\"><\/textarea><\/span>\n<\/p>\n<p class=\"mkd-center-button\"><br \/>\n<input class=\"wpcf7-form-control wpcf7-submit has-spinner mkd-contact2\" type=\"submit\" value=\"Soumettre l\u2019inscription sportive\" \/>\n<\/p><div class=\"wpcf7-response-output\" aria-hidden=\"true\"><\/div>\n<\/form>\n<\/div>\n[vc_empty_space height=\u00a0\u00bb20px\u00a0\u00bb][\/vc_column][\/vc_row][vc_row][vc_column][vc_empty_space height=\u00a0\u00bb20px\u00a0\u00bb][\/vc_column][\/vc_row]<\/p>\n<\/section>","protected":false},"excerpt":{"rendered":"<p>[vc_row][vc_column width=\u00a0\u00bb1\/2&Prime;][vc_empty_space height=\u00a0\u00bb20px\u00a0\u00bb][vc_column_text] Au Symposium-Mboa, le sport est bien plus qu\u2019une comp\u00e9tition :c\u2019est un outil de coh\u00e9sion sociale, de d\u00e9passement [&hellip;]<\/p>\n","protected":false},"author":2,"featured_media":0,"parent":11133,"menu_order":0,"comment_status":"closed","ping_status":"closed","template":"","meta":{"footnotes":""},"categories":[],"tags":[],"class_list":["post-11180","page","type-page","status-publish","hentry"],"rttpg_featured_image_url":null,"rttpg_author":{"display_name":"Presse","author_link":"https:\/\/symposium-mboa.com\/?author=2"},"rttpg_comment":0,"rttpg_category":false,"rttpg_excerpt":"[vc_row][vc_column width=\u00a0\u00bb1\/2&Prime;][vc_empty_space height=\u00a0\u00bb20px\u00a0\u00bb][vc_column_text] Au Symposium-Mboa, le sport est bien plus qu\u2019une comp\u00e9tition :c\u2019est un outil de coh\u00e9sion sociale, de d\u00e9passement [&hellip;]","_links":{"self":[{"href":"https:\/\/symposium-mboa.com\/index.php?rest_route=\/wp\/v2\/pages\/11180","targetHints":{"allow":["GET"]}}],"collection":[{"href":"https:\/\/symposium-mboa.com\/index.php?rest_route=\/wp\/v2\/pages"}],"about":[{"href":"https:\/\/symposium-mboa.com\/index.php?rest_route=\/wp\/v2\/types\/page"}],"author":[{"embeddable":true,"href":"https:\/\/symposium-mboa.com\/index.php?rest_route=\/wp\/v2\/users\/2"}],"replies":[{"embeddable":true,"href":"https:\/\/symposium-mboa.com\/index.php?rest_route=%2Fwp%2Fv2%2Fcomments&post=11180"}],"version-history":[{"count":14,"href":"https:\/\/symposium-mboa.com\/index.php?rest_route=\/wp\/v2\/pages\/11180\/revisions"}],"predecessor-version":[{"id":12017,"href":"https:\/\/symposium-mboa.com\/index.php?rest_route=\/wp\/v2\/pages\/11180\/revisions\/12017"}],"up":[{"embeddable":true,"href":"https:\/\/symposium-mboa.com\/index.php?rest_route=\/wp\/v2\/pages\/11133"}],"wp:attachment":[{"href":"https:\/\/symposium-mboa.com\/index.php?rest_route=%2Fwp%2Fv2%2Fmedia&parent=11180"}],"wp:term":[{"taxonomy":"category","embeddable":true,"href":"https:\/\/symposium-mboa.com\/index.php?rest_route=%2Fwp%2Fv2%2Fcategories&post=11180"},{"taxonomy":"post_tag","embeddable":true,"href":"https:\/\/symposium-mboa.com\/index.php?rest_route=%2Fwp%2Fv2%2Ftags&post=11180"}],"curies":[{"name":"wp","href":"https:\/\/api.w.org\/{rel}","templated":true}]}}