{"id":11157,"date":"2025-12-17T02:45:58","date_gmt":"2025-12-17T02:45:58","guid":{"rendered":"https:\/\/symposium-mboa.com\/?page_id=11157"},"modified":"2026-01-01T23:19:02","modified_gmt":"2026-01-01T23:19:02","slug":"historique-et-editions-presentes","status":"publish","type":"page","link":"https:\/\/symposium-mboa.com\/?page_id=11157","title":{"rendered":"Historique et \u00e9ditions pr\u00e9sentes"},"content":{"rendered":"<h2 data-start=\"435\" data-end=\"470\">1\ufe0f\u20e3 Historique du Symposium-Mboa<\/h2>\n<p data-start=\"472\" data-end=\"877\">Le <strong data-start=\"475\" data-end=\"493\">Symposium-Mboa<\/strong> est n\u00e9 de la volont\u00e9 de cr\u00e9er, en Allemagne, un espace structur\u00e9 de valorisation des talents, des cultures et des initiatives afro-descendantes. Port\u00e9 par <strong data-start=\"649\" data-end=\"668\">MBOA Group e.V.<\/strong>, il s\u2019inscrit d\u00e8s ses d\u00e9buts comme une r\u00e9ponse concr\u00e8te au manque de visibilit\u00e9 des r\u00e9ussites africaines et afro-descendantes dans les domaines du sport, de la culture, du business et de l\u2019engagement citoyen.<\/p>\n<p data-start=\"879\" data-end=\"1290\">Au fil des \u00e9ditions, le Symposium-Mboa s\u2019est progressivement impos\u00e9 comme un <strong data-start=\"956\" data-end=\"982\">rendez-vous f\u00e9d\u00e9rateur<\/strong>, rassemblant des participants issus de divers horizons : associations, entrepreneurs, artistes, sportifs, institutions et grand public. Chaque \u00e9dition a contribu\u00e9 \u00e0 renforcer sa vocation premi\u00e8re : <strong data-start=\"1181\" data-end=\"1202\">changer le regard<\/strong>, cr\u00e9er des ponts entre les cultures et encourager des dynamiques positives et durables.<\/p>\n<p data-start=\"1292\" data-end=\"1449\">Cette \u00e9volution constante t\u00e9moigne de la pertinence du projet et de l\u2019adh\u00e9sion croissante qu\u2019il suscite au sein des communaut\u00e9s et aupr\u00e8s de ses partenaires.<\/p>\n<h2 data-start=\"1456\" data-end=\"1503\"><\/h2>\n<h2 data-start=\"1456\" data-end=\"1503\">2\ufe0f\u20e3 L\u2019\u00e9dition pr\u00e9sente \u2013 Symposium-Mboa 2026<\/h2>\n<p data-start=\"1505\" data-end=\"1759\">L\u2019\u00e9dition actuelle du <strong data-start=\"1527\" data-end=\"1550\">Symposium-Mboa 2026<\/strong> s\u2019inscrit dans la continuit\u00e9 de cette dynamique, avec une ambition renforc\u00e9e et une programmation enrichie. Elle se d\u00e9roule \u00e0 <strong data-start=\"1677\" data-end=\"1687\">Berlin<\/strong>, ville symbole de diversit\u00e9, d\u2019innovation et de dialogue interculturel.<\/p>\n<p data-start=\"1761\" data-end=\"1859\">Fid\u00e8le \u00e0 son ADN, le Symposium-Mboa 2026 articule son programme autour de plusieurs axes majeurs :<\/p>\n<ul>\n<li data-start=\"1862\" data-end=\"1939\"><strong data-start=\"1862\" data-end=\"1885\">Sport &amp; comp\u00e9tition<\/strong>, comme vecteur de coh\u00e9sion et de d\u00e9passement de soi ;<\/li>\n<li data-start=\"1942\" data-end=\"2022\"><strong data-start=\"1942\" data-end=\"1965\">Culture &amp; animation<\/strong>, pour c\u00e9l\u00e9brer la richesse et la cr\u00e9ativit\u00e9 africaines ;<\/li>\n<li data-start=\"2025\" data-end=\"2153\"><strong data-start=\"2025\" data-end=\"2068\">Business, entrepreneuriat &amp; gastronomie<\/strong>, afin de promouvoir les savoir-faire, les opportunit\u00e9s \u00e9conomiques et les \u00e9changes ;<\/li>\n<li data-start=\"2156\" data-end=\"2267\"><strong data-start=\"2156\" data-end=\"2180\">Rencontres et panels<\/strong>, d\u00e9di\u00e9s au partage d\u2019exp\u00e9riences, \u00e0 la r\u00e9flexion et \u00e0 la construction de partenariats.<\/li>\n<\/ul>\n<p data-start=\"2269\" data-end=\"2480\">L\u2019\u00e9dition 2026 se veut plus que jamais un <strong data-start=\"2311\" data-end=\"2330\">espace d\u2019impact<\/strong>, o\u00f9 les initiatives locales prennent une dimension globale, en coh\u00e9rence avec le slogan du Symposium-Mboa :<br data-start=\"2438\" data-end=\"2441\" \/><strong data-start=\"2441\" data-end=\"2480\">\u00ab D\u2019ici, nous impactons le monde. \u00bb<\/strong><\/p>\n<p data-start=\"2813\" data-end=\"2858\">\n","protected":false},"excerpt":{"rendered":"<p>1\ufe0f\u20e3 Historique du Symposium-Mboa Le Symposium-Mboa est n\u00e9 de la volont\u00e9 de cr\u00e9er, en Allemagne, un espace structur\u00e9 de valorisation [&hellip;]<\/p>\n","protected":false},"author":2,"featured_media":0,"parent":11129,"menu_order":0,"comment_status":"closed","ping_status":"closed","template":"","meta":{"footnotes":""},"categories":[],"tags":[],"class_list":["post-11157","page","type-page","status-publish","hentry"],"rttpg_featured_image_url":null,"rttpg_author":{"display_name":"Presse","author_link":"https:\/\/symposium-mboa.com\/?author=2"},"rttpg_comment":0,"rttpg_category":false,"rttpg_excerpt":"1\ufe0f\u20e3 Historique du Symposium-Mboa Le Symposium-Mboa est n\u00e9 de la volont\u00e9 de cr\u00e9er, en Allemagne, un espace structur\u00e9 de valorisation [&hellip;]","_links":{"self":[{"href":"https:\/\/symposium-mboa.com\/index.php?rest_route=\/wp\/v2\/pages\/11157","targetHints":{"allow":["GET"]}}],"collection":[{"href":"https:\/\/symposium-mboa.com\/index.php?rest_route=\/wp\/v2\/pages"}],"about":[{"href":"https:\/\/symposium-mboa.com\/index.php?rest_route=\/wp\/v2\/types\/page"}],"author":[{"embeddable":true,"href":"https:\/\/symposium-mboa.com\/index.php?rest_route=\/wp\/v2\/users\/2"}],"replies":[{"embeddable":true,"href":"https:\/\/symposium-mboa.com\/index.php?rest_route=%2Fwp%2Fv2%2Fcomments&post=11157"}],"version-history":[{"count":3,"href":"https:\/\/symposium-mboa.com\/index.php?rest_route=\/wp\/v2\/pages\/11157\/revisions"}],"predecessor-version":[{"id":11760,"href":"https:\/\/symposium-mboa.com\/index.php?rest_route=\/wp\/v2\/pages\/11157\/revisions\/11760"}],"up":[{"embeddable":true,"href":"https:\/\/symposium-mboa.com\/index.php?rest_route=\/wp\/v2\/pages\/11129"}],"wp:attachment":[{"href":"https:\/\/symposium-mboa.com\/index.php?rest_route=%2Fwp%2Fv2%2Fmedia&parent=11157"}],"wp:term":[{"taxonomy":"category","embeddable":true,"href":"https:\/\/symposium-mboa.com\/index.php?rest_route=%2Fwp%2Fv2%2Fcategories&post=11157"},{"taxonomy":"post_tag","embeddable":true,"href":"https:\/\/symposium-mboa.com\/index.php?rest_route=%2Fwp%2Fv2%2Ftags&post=11157"}],"curies":[{"name":"wp","href":"https:\/\/api.w.org\/{rel}","templated":true}]}}