{"id":11143,"date":"2025-12-17T02:41:48","date_gmt":"2025-12-17T02:41:48","guid":{"rendered":"https:\/\/symposium-mboa.com\/?page_id=11143"},"modified":"2026-01-01T19:53:24","modified_gmt":"2026-01-01T19:53:24","slug":"a-propos","status":"publish","type":"page","link":"https:\/\/symposium-mboa.com\/?page_id=11143","title":{"rendered":"\u00c0 propos"},"content":{"rendered":"<section class=\"wpb-content-wrapper\"><p>[vc_row][vc_column][vc_column_text][\/vc_column_text][\/vc_column][\/vc_row][vc_row][vc_column width=\u00a0\u00bb2\/3&Prime;][vc_empty_space][vc_column_text]<\/p>\n<p data-start=\"443\" data-end=\"648\">Le <strong data-start=\"446\" data-end=\"464\">Symposium-Mboa<\/strong> est n\u00e9 de la volont\u00e9 de valoriser la contribution r\u00e9elle, diverse et dynamique des Africains et Afro-descendants en Allemagne, trop souvent invisibilis\u00e9e ou r\u00e9duite \u00e0 des st\u00e9r\u00e9otypes.<\/p>\n<p data-start=\"650\" data-end=\"983\">Port\u00e9 par <strong data-start=\"660\" data-end=\"679\">MBOA Group e.V.<\/strong> (association \u00e0 but non lucratif l\u00e9galement enregistr\u00e9e en Allemagne \u2013 VR40430B), le Symposium-Mboa s\u2019inscrit comme une plateforme de <strong data-start=\"813\" data-end=\"896\">mise en lumi\u00e8re des talents, des initiatives et des r\u00e9ussites afro-descendantes<\/strong>, tout en favorisant le dialogue interculturel, l\u2019entrepreneuriat et le vivre-ensemble.<\/p>\n<p data-start=\"985\" data-end=\"1224\">\u00c9v\u00e9nement <strong data-start=\"995\" data-end=\"1035\">socioculturel, sportif et \u00e9conomique<\/strong>, le Symposium-Mboa met \u00e0 l\u2019honneur une Afrique moderne, cr\u00e9ative et entreprenante \u2014 <em data-start=\"1120\" data-end=\"1137\">l\u2019autre Afrique<\/em> \u2014 \u00e0 travers le sport, la culture, le business, la gastronomie et l\u2019engagement citoyen.<\/p>\n<p data-start=\"1226\" data-end=\"1377\">Plus qu\u2019un festival, le Symposium-Mboa est un <strong data-start=\"1272\" data-end=\"1326\">espace de rencontres, de partage et d\u2019opportunit\u00e9s<\/strong>, une passerelle entre les cultures et les peuples.<\/p>\n<p>[\/vc_column_text][vc_empty_space][\/vc_column][vc_column width=\u00a0\u00bb1\/3&Prime;][vc_widget_sidebar sidebar_id=\u00a0\u00bbmkdf-mobile-bottom\u00a0\u00bb][\/vc_column][\/vc_row]<\/p>\n<\/section>","protected":false},"excerpt":{"rendered":"<p>[vc_row][vc_column][vc_column_text][\/vc_column_text][\/vc_column][\/vc_row][vc_row][vc_column width=\u00a0\u00bb2\/3&Prime;][vc_empty_space][vc_column_text] Le Symposium-Mboa est n\u00e9 de la volont\u00e9 de valoriser la contribution r\u00e9elle, diverse et dynamique des Africains et [&hellip;]<\/p>\n","protected":false},"author":2,"featured_media":0,"parent":11129,"menu_order":0,"comment_status":"closed","ping_status":"closed","template":"","meta":{"footnotes":""},"categories":[],"tags":[],"class_list":["post-11143","page","type-page","status-publish","hentry"],"rttpg_featured_image_url":null,"rttpg_author":{"display_name":"Presse","author_link":"https:\/\/symposium-mboa.com\/?author=2"},"rttpg_comment":0,"rttpg_category":false,"rttpg_excerpt":"[vc_row][vc_column][vc_column_text][\/vc_column_text][\/vc_column][\/vc_row][vc_row][vc_column width=\u00a0\u00bb2\/3&Prime;][vc_empty_space][vc_column_text] Le Symposium-Mboa est n\u00e9 de la volont\u00e9 de valoriser la contribution r\u00e9elle, diverse et dynamique des Africains et [&hellip;]","_links":{"self":[{"href":"https:\/\/symposium-mboa.com\/index.php?rest_route=\/wp\/v2\/pages\/11143","targetHints":{"allow":["GET"]}}],"collection":[{"href":"https:\/\/symposium-mboa.com\/index.php?rest_route=\/wp\/v2\/pages"}],"about":[{"href":"https:\/\/symposium-mboa.com\/index.php?rest_route=\/wp\/v2\/types\/page"}],"author":[{"embeddable":true,"href":"https:\/\/symposium-mboa.com\/index.php?rest_route=\/wp\/v2\/users\/2"}],"replies":[{"embeddable":true,"href":"https:\/\/symposium-mboa.com\/index.php?rest_route=%2Fwp%2Fv2%2Fcomments&post=11143"}],"version-history":[{"count":9,"href":"https:\/\/symposium-mboa.com\/index.php?rest_route=\/wp\/v2\/pages\/11143\/revisions"}],"predecessor-version":[{"id":11756,"href":"https:\/\/symposium-mboa.com\/index.php?rest_route=\/wp\/v2\/pages\/11143\/revisions\/11756"}],"up":[{"embeddable":true,"href":"https:\/\/symposium-mboa.com\/index.php?rest_route=\/wp\/v2\/pages\/11129"}],"wp:attachment":[{"href":"https:\/\/symposium-mboa.com\/index.php?rest_route=%2Fwp%2Fv2%2Fmedia&parent=11143"}],"wp:term":[{"taxonomy":"category","embeddable":true,"href":"https:\/\/symposium-mboa.com\/index.php?rest_route=%2Fwp%2Fv2%2Fcategories&post=11143"},{"taxonomy":"post_tag","embeddable":true,"href":"https:\/\/symposium-mboa.com\/index.php?rest_route=%2Fwp%2Fv2%2Ftags&post=11143"}],"curies":[{"name":"wp","href":"https:\/\/api.w.org\/{rel}","templated":true}]}}